What is the tens digit of s?
6
Let g(x) = 2*x**3 - 5*x + 1092. Let n be g(0). What is the units digit of (9116/14)/2 + 468/n?
6
Suppose -10*a + 76014 = -98396. What is the thousands digit of a?
7
Let c(f) = -210*f + 7234. What is the ten thousands digit of c(-163)?
4
Let k(t) = -1533*t - 70. What is the units digit of k(-6)?
8
Suppose 0 = 4*r + 447 + 461. Let t be (-1 - -2)/((-6)/882). Let n = t - r. What is the tens digit of n?
8
Suppose -2*g - g + 1350 = 0. Suppose -19*x = -25*x + 144. Suppose x*j + g = 33*j. What is the units digit of j?
0
Suppose -248*z + 70*z + 1327357 = 281607. What is the tens digit of z?
7
Let f(o) be the second derivative of -o**5/20 - 5*o**4/12 - 2*o**3 - 13*o**2/2 - 268*o - 2. Let l = 6 - 12. What is the units digit of f(l)?
5
Let y = 2676 - 241. What is the tens digit of y?
3
Let y = 29285 - 20047. What is the tens digit of y?
3
Suppose -5*u + 35 = 4*z + z, -u = -z + 1. Let a be z*(-76)/8 - 2. Let x = 52 + a. What is the tens digit of x?
1
Let x = -96 - -98. Suppose 0 = k - 5*k + 20. Suppose x*u - 318 = -2*y, -663 = -4*u - k*y + 10*y. What is the hundreds digit of u?
1
Suppose -10*q + 121 = 101. Suppose -3*r - s = -1219, r + q*s - s - 407 = 0. What is the hundreds digit of r?
4
Suppose -45*z = -109*z + 40*z + 228528. What is the units digit of z?
2
Suppose -m = 5*l + 4*m - 8920, 3*m + 1800 = l. Suppose l = 4*s + 632. What is the units digit of s?
9
Let m(s) = 61*s - 6. Let r be 245/70*(-8)/(-7). What is the units digit of m(r)?
8
Let v = 51 + -44. Suppose -11 - 17 = v*o. Let r(a) = -26*a + 21. What is the tens digit of r(o)?
2
Let n(f) = f**3 + 3*f**2 + 2*f + 2482. Let z be n(0). Suppose 0 = -15*l - z + 6892. What is the tens digit of l?
9
Let o = 5084 + -3455. What is the thousands digit of o?
1
Suppose 12 = 4*x - 3*q, -16 = -8*q + 4*q. What is the units digit of x + (-624)/102 - (-16868)/34?
6
Suppose -2079*z + 4*s + 126754 = -2074*z, 2*z - s - 50698 = 0. What is the hundreds digit of z?
3
Let i(j) = -j**2 - 8*j - 19. Let u be i(-23). Let l = -114 - u. What is the hundreds digit of l?
2
Suppose 0*a = 67*a - 235840. What is the hundreds digit of a?
5
Suppose -b - 1912 = -3*j, 4*j - 9*b - 2564 = -4*b. Let o be (-5)/20 + (-105)/(-4). Suppose 0 = 20*c - o*c + j. What is the hundreds digit of c?
1
Suppose 194*c - 241*c + 874482 = 0. What is the thousands digit of c?
8
Let u(w) = 89*w**2 - 39*w + 93. Let q(j) = 59*j**2 - 26*j + 62. Let l(x) = -7*q(x) + 5*u(x). What is the tens digit of l(4)?
9
What is the hundreds digit of ((-318)/(-15))/(134/146060)?
1
Suppose 4 = -2*a - 0, -4*a = -3*c - 22. Let f(s) = 7*s**2 + 5*s + 10. What is the tens digit of f(c)?
6
Let n be -7 - 4/(-2 - -1) - -3. Suppose 3*d = 4*y + 33 + 2186, -5*d - 4*y + 3677 = n. What is the hundreds digit of d?
7
Let c be 2/(-11) + (-959)/(-11). Let m = c + -90. What is the tens digit of 2 + 245 + (0/1)/m?
4
Let a = -20 - -21. Let w(j) = -j**2 - 12*j - 8. Let m(f) = -1. Let h(n) = a*w(n) + 3*m(n). What is the units digit of h(-10)?
9
Let f be (-280)/210*762/(-4). Let z = 1152 - f. What is the units digit of z?
8
Let c = 136 + -113. Suppose -9*u - 11382 = -c*u. What is the hundreds digit of u?
8
Let d be (1 - -2326) + ((-360)/9)/(-10). Suppose -4*i + 3000 = -4*w, 3*i + 79 = w + d. What is the hundreds digit of i?
7
Let j(k) = 2*k**2 - 13*k + 1109. What is the thousands digit of j(57)?
6
Let d(g) = 23*g + 22*g - 72*g - 4 + 26*g + 2*g**2 - 29*g**3. What is the tens digit of d(-2)?
3
Let k(p) = -p**2 + 16*p + 12. Let h be k(11). Let o = h + -74. What is the tens digit of 16/12*(2 - o)?
1
Let p(i) be the first derivative of -761*i**2 + 256. What is the thousands digit of p(-1)?
1
Let j be (-2062)/(-3) + 12/(-36). Suppose -2*p + j = 4*n - 561, 0 = -5*n + 20. What is the tens digit of p?
1
Let q = 11849 - 3900. What is the hundreds digit of q?
9
Let v(m) = 35 + 14 - 11*m + 41 + 25*m. What is the units digit of v(6)?
4
Suppose -3*l = 2*q - 2, -2*q = 5*l - 14 + 4. Suppose -3*j = -3*y - 22 + 268, l*y + 3*j = 314. Suppose 0 = -c + y - 36. What is the tens digit of c?
4
Suppose 0 = -10*p + 4*p - 42. Let a(h) = h**3 + 6*h**2 - 5*h + 12. Let s be a(p). What is the tens digit of s*2/((-12)/99)?
3
Let s(f) = 7204*f - 70. What is the hundreds digit of s(2)?
3
Suppose -164*i + 5608 + 60976 = 0. What is the hundreds digit of i?
4
Let s = -38540 - -62026. What is the ten thousands digit of s?
2
Let c be 136/(-36) + (-2)/9. Let j(u) = -398*u - 400*u + 5 + 803*u + 11*u**2 + 19. What is the hundreds digit of j(c)?
1
Let v(k) = -k**3 - 14*k**2 - 2*k - 59. Let o(d) = -5*d + 89. Let x be o(21). What is the units digit of v(x)?
5
Let k = 18604 - 4163. What is the tens digit of k?
4
Let m(z) = -7*z**3 + 5*z**2 + z - 2. Let h(d) = -57 + 16*d**3 + 62 - d**3 - d**2 - 10*d**2 - 3*d. Let p(l) = -6*h(l) - 13*m(l). What is the tens digit of p(4)?
9
Let a = 5054 + -1230. What is the units digit of a?
4
Let p be (99/27)/(2/(-222)). Let f = 618 + p. What is the hundreds digit of f?
2
Let b(y) = 2*y - 57 - 41*y - 43*y. What is the tens digit of b(-17)?
3
Let n(h) = 11*h**2 - 29*h - 268. What is the units digit of n(14)?
2
Let s(x) = 63*x**3 + 7*x**2 - 52*x + 295. What is the tens digit of s(6)?
4
Let h = -83 + 94. Let x(s) = 4*s**3 + 30*s**2 + 34*s + 70. Let k(g) = g**3 + 10*g**2 + 11*g + 23. Let p(o) = -7*k(o) + 2*x(o). What is the units digit of p(h)?
1
Suppose -32*y = -29*y - 6. Let x(f) = -y*f - 24 + 7 - f + 0*f. What is the units digit of x(-6)?
1
Suppose 33*t = 32*t + 30. Suppose -a + v + 7 = 0, -3*a - 3*v + t = -21. Suppose -3*d = a, -5*n + 2*n + 261 = -3*d. What is the units digit of n?
3
Suppose -7*f - 451 = 249. Let o = f + 466. Suppose o + 40 = 5*x + i, -x + 3*i = -94. What is the tens digit of x?
8
Let d be (-16 - -4) + -4 + 18. Let r = -328 - -462. Suppose -r = d*s - 4*s. What is the tens digit of s?
6
Suppose -4*f = -5*k + 2*k + 16482, 0 = 5*k + 4*f - 27438. What is the thousands digit of k?
5
Suppose 37*j - 21*j - 216648 = 234168. What is the hundreds digit of j?
1
Suppose 0 = -6*f + 8*f - 480. Suppose 0 = 243*y - f*y - 1134. What is the units digit of y?
8
Let c(w) = w**2 - 3*w - 14. Let i be c(-12). Let m = 207 + i. Suppose -12*g + m = 13. What is the tens digit of g?
3
Suppose 287056 = 5*q + 18*q - 255997. What is the units digit of q?
1
Let x = -61 + 36. Let l = -243 + 276. Let w = l + x. What is the units digit of w?
8
Let k = 2 - -10. Suppose 2815 = k*z - 7*z. Suppose -4*d + 749 = 5*s, d - 4*s + z = 4*d. What is the hundreds digit of d?
1
Suppose -3*y = 7*g - 119972, -45*y + 42*y - 4*g + 119984 = 0. What is the tens digit of y?
0
Suppose -14*x + 15 = -55. Suppose k + 3*c - 993 = 0, -7*c = -x*k - 9*c + 5030. What is the hundreds digit of k?
0
Suppose -24646 = -o - 3*l, 2*l + 49300 = -39*o + 41*o. What is the thousands digit of o?
4
Let l(o) = 252*o**2 - 6*o + 81. What is the hundreds digit of l(7)?
3
Let h(i) = 64*i**2 + 29*i - 18. Let t be (32/96)/(1/12). What is the hundreds digit of h(t)?
1
Suppose 0 = m - 0*m - 5*v + 25, 5*m - v = -5. Suppose -5*q + 4*z = -35, -2*z = 5*q - m*z - 35. Suppose 0 = 5*t - q*t + 412. What is the tens digit of t?
0
Suppose 13 = -4*t - 7, 3*b + 5*t = 686. What is the hundreds digit of b?
2
Suppose 1476 = -8*n + 26*n. Let b be 12/4*(-363)/(-9). Let d = b - n. What is the units digit of d?
9
Suppose -79*p - 133935 = -1543532. What is the thousands digit of p?
7
Suppose 0 = 2059*a - 2038*a - 91959. What is the thousands digit of a?
4
Let l(u) = 6*u + 32. Let w be l(-6). Let n(q) = -8*q**3 + 6*q**2 + 4*q + 6. Let o be n(w). What is the tens digit of o/6 - (1 - (-12)/(-9))?
0
Let m = -5063 + 2009. What is the hundreds digit of 2/((-20)/m) + 6/(-15)?
3
Let z(n) = 42 - n**3 - 8*n - 13 - 8*n**2 - 15. Let g be z(-6). Let j(k) = -27*k - 12. What is the hundreds digit of j(g)?
2
Suppose 5*a + n = 206884, -n + 146000 - 21870 = 3*a. What is the hundreds digit of a?
3
Let s(q) be the second derivative of -8*q**3/3 - 19*q**2/2 + 3*q. Suppose -7*n + 6*n - 18 = 0. What is the units digit of s(n)?
9
Suppose 4*a = 2*r + 876, 0 = -3*a - 2*a + 2*r + 1095. Suppose 3*j - 6 - a = -k, 915 = 4*k - 3*j. What is the tens digit of k?
2
Suppose -2*a + 2*t + 44556 = 0, -111386 = -5*a + 20*t - 16*t. What is the units digit of a?
4
Suppose -189*n + 28165 = -184*n - 5*g, g + 